e the prime factors of 44010?
2, 3, 5, 163
What are the prime factors of 7740?
2, 3, 5, 43
List the prime factors of 2876.
2, 719
List the prime factors of 216.
2, 3
List the prime factors of 877.
877
List the prime factors of 6193.
11, 563
What are the prime factors of 491?
491
What are the prime factors of 281?
281
List the prime factors of 14032.
2, 877
List the prime factors of 22038.
2, 3, 3673
List the prime factors of 152686.
2, 76343
What are the prime factors of 1948?
2, 487
What are the prime factors of 749?
7, 107
What are the prime factors of 13580?
2, 5, 7, 97
List the prime factors of 19.
19
What are the prime factors of 970?
2, 5, 97
List the prime factors of 2068.
2, 11, 47
What are the prime factors of 83205?
3, 5, 43
What are the prime factors of 45142?
2, 22571
List the prime factors of 35942.
2, 17971
What are the prime factors of 7385?
5, 7, 211
List the prime factors of 1964.
2, 491
What are the prime factors of 4845?
3, 5, 17, 19
What are the prime factors of 5386?
2, 2693
List the prime factors of 561.
3, 11, 17
List the prime factors of 404.
2, 101
What are the prime factors of 1047?
3, 349
List the prime factors of 8084.
2, 43, 47
What are the prime factors of 97?
97
What are the prime factors of 5672?
2, 709
List the prime factors of 7903.
7, 1129
What are the prime factors of 26478?
2, 3, 1471
List the prime factors of 55256.
2, 6907
What are the prime factors of 9592?
2, 11, 109
List the prime factors of 82269.
3, 11, 277
What are the prime factors of 8343?
3, 103
List the prime factors of 106249.
11, 13, 743
List the prime factors of 1054.
2, 17, 31
What are the prime factors of 1976?
2, 13, 19
What are the prime factors of 4806?
2, 3, 89
What are the prime factors of 86264?
2, 41, 263
List the prime factors of 60652.
2, 59, 257
What are the prime factors of 24561?
3, 2729
What are the prime factors of 1469?
13, 113
What are the prime factors of 3819?
3, 19, 67
List the prime factors of 1052.
2, 263
List the prime factors of 10939.
10939
List the prime factors of 51108.
2, 3, 4259
What are the prime factors of 11903?
11903
What are the prime factors of 964?
2, 241
What are the prime factors of 4624?
2, 17
List the prime factors of 223.
223
What are the prime factors of 153?
3, 17
What are the prime factors of 10697?
19, 563
List the prime factors of 3336.
2, 3, 139
List the prime factors of 13374.
2, 3, 743
What are the prime factors of 28812?
2, 3, 7
List the prime factors of 43994.
2, 21997
What are the prime factors of 26759?
26759
List the prime factors of 58046.
2, 29023
What are the prime factors of 4940?
2, 5, 13, 19
List the prime factors of 1629.
3, 181
What are the prime factors of 6180?
2, 3, 5, 103
What are the prime factors of 9?
3
What are the prime factors of 19709?
19709
What are the prime factors of 22235?
5, 4447
List the prime factors of 11173.
11173
What are the prime factors of 1193?
1193
What are the prime factors of 23070?
2, 3, 5, 769
List the prime factors of 25957.
101, 257
List the prime factors of 15847.
13, 23, 53
List the prime factors of 1908.
2, 3, 53
What are the prime factors of 248?
2, 31
List the prime factors of 73460.
2, 5, 3673
List the prime factors of 29069.
41, 709
List the prime factors of 2557.
2557
What are the prime factors of 56213?
67, 839
What are the prime factors of 15796?
2, 11, 359
List the prime factors of 7178.
2, 37, 97
List the prime factors of 16146.
2, 3, 13, 23
List the prime factors of 52686.
2, 3, 2927
List the prime factors of 32143.
32143
List the prime factors of 8741.
8741
List the prime factors of 583.
11, 53
List the prime factors of 11374.
2, 11, 47
What are the prime factors of 3855?
3, 5, 257
List the prime factors of 221.
13, 17
What are the prime factors of 11280?
2, 3, 5, 47
List the prime factors of 65240.
2, 5, 7, 233
What are the prime factors of 38109?
3, 12703
What are the prime factors of 221?
13, 17
What are the prime factors of 49753?
11, 4523
List the prime factors of 30501.
3, 3389
List the prime factors of 6535.
5, 1307
List the prime factors of 13957.
17, 821
What are the prime factors of 1281?
3, 7, 61
What are the prime factors of 708?
2, 3, 59
List the prime factors of 893.
19, 47
What are the prime factors of 11037?
3, 13, 283
What are the prime factors of 446?
2, 223
List the prime factors of 71057.
7, 10151
What are the prime factors of 2198?
2, 7, 157
List the prime factors of 11457.
3, 19, 67
List the prime factors of 747.
3, 83
List the prime factors of 3847.
3847
What are the prime factors of 5749?
5749
What are the prime factors of 138063?
3, 46021
List the prime factors of 13732.
2, 3433
What are the prime factors of 98330?
2, 5, 9833
What are the prime factors of 2418?
2, 3, 13, 31
List the prime factors of 49483.
7, 7069
List the prime factors of 334.
2, 167
What are the prime factors of 3736?
2, 467
List the prime factors of 7156.
2, 1789
List the prime factors of 115201.
115201
List the prime factors of 1078.
2, 7, 11
What are the prime factors of 413?
7, 59
What are the prime factors of 846?
2, 3, 47
List the prime factors of 1440.
2, 3, 5
What are the prime factors of 2688?
2, 3, 7
List the prime factors of 1489.
1489
What are the prime factors of 23196?
2, 3, 1933
List the prime factors of 15358.
2, 7, 1097
List the prime factors of 2547.
3, 283
List the prime factors of 1359.
3, 151
What are the prime factors of 8524?
2, 2131
List the prime factors of 214.
2, 107
What are the prime factors of 33005?
5, 7, 23, 41
What are the prime factors of 36024?
2, 3, 19, 79
List the prime factors of 6752.
2, 211
List the prime factors of 9294.
2, 3, 1549
What are the prime factors of 49637?
7, 1013
List the prime factors of 1622.
2, 811
What are the prime factors of 6678?
2, 3, 7, 53
List the prime factors of 2844.
2, 3, 79
What are the prime factors of 64?
2
What are the prime factors of 17?
17
What are the prime factors of 62834?
2, 89, 353
List the prime factors of 287.
7, 41
What are the prime factors of 1024?
2
List the prime factors of 130.
2, 5, 13
List the prime factors of 2331.
3, 7, 37
What are the prime factors of 4736?
2, 37
List the prime factors of 3620.
2, 5, 181
What are the prime factors of 43273?
109, 397
What are the prime factors of 587?
587
What are the prime factors of 25719?
3, 8573
List the prime factors of 1186.
2, 593
What are the prime factors of 15924?
2, 3, 1327
What are the prime factors of 112?
2, 7
What are the prime factors of 24998?
2, 29, 431
List the prime factors of 2506.
2, 7, 179
List the prime factors of 97522.
2, 48761
What are the prime factors of 5628?
2, 3, 7, 67
List the prime factors of 2825.
5, 113
What are the prime factors of 38587?
47, 821
List the prime factors of 2350.
2, 5, 47
List the prime factors of 97980.
2, 3, 5, 23, 71
What are the prime factors of 9164?
2, 29, 79
What are the prime factors of 134910?
2, 3, 5, 1499
List the prime factors of 7901.
7901
What are the prime factors of 71229?
3, 23743
What are the prime factors of 17087?
7, 2441
What are the prime factors of 5518?
2, 31, 89
What are the prime factors of 73?
73
What are the prime factors of 4538?
2, 2269
List the prime factors of 1010.
2, 5, 101
What are the prime factors of 13742?
2, 6871
What are the prime factors of 5101?
5101
List the prime factors of 1110.
2, 3, 5, 37
List the prime factors of 79983.
3, 8887
List the prime factors of 71010.
2, 3, 5, 263
What are the prime factors of 20019?
3, 6673
List the prime factors of 40058.
2, 20029
What are the prime factors of 3344?
2, 11, 19
List the prime factors of 770.
2, 5, 7, 11
List the prime factors of 20240.
2, 5, 11, 23
List the prime factors of 8089.
8089
What are the prime factors of 572?
2, 11, 13
What are the prime factors of 475?
5, 19
What are the prime factors of 1541?
23, 67
List the prime factors of 73.
73
What are the prime factors of 131463?
3, 541
List the prime factors of 3373.
3373
List the prime factors of 937.
937
List the prime factors of 45890.
2, 5, 13, 353
List the prime factors of 1030.
2, 5, 103
What are the prime factors of 5782?
2, 7, 59
List the prime factors of 262.
2, 131
What are the prime factors of 22806?
2, 3, 7, 181
List the prime factors of 208.
2, 13
List the prime factors of 79.
79
List the prime factors of 4